actors of 152/57*(-1 - (-25334)/2).
2, 2111
Suppose 0 = -18*a + 12295 + 69947. List the prime factors of a.
3, 1523
Suppose -f = 22 - 8. Let t = 19 + f. Suppose 504 = t*o - o. What are the prime factors of o?
2, 3, 7
Suppose 42 = 15*w - 17*w. Let s be 1*21*(w - -26). Suppose -c + s = 76. What are the prime factors of c?
29
Let q be (-1)/1 + (-60)/(-10). Let f be (-1674)/(-21) - (0 - (-6)/(-21)). Suppose -q*m + f = -m. What are the prime factors of m?
2, 5
Let z(a) = -6*a + 41. Let h = 103 - 94. Let r be z(h). Let v(p) = -13*p + 18. What are the prime factors of v(r)?
11, 17
Let b(a) be the third derivative of 5*a**4/24 - 5*a**3/6 - 2*a**2. Suppose 4*y - 57 = 2*k - 5*k, y = -k + 18. List the prime factors of b(k).
2, 5, 7
What are the prime factors of (2 + (-5205)/(-9))/(3 + (-78)/27)?
3, 1741
Let w = -7 + 8. Suppose 4*n - 8 = -2*i, 0 = 4*n - w - 7. Suppose i = -3*p + 122 + 43. List the prime factors of p.
5, 11
List the prime factors of (8/12 - 9)/(2 - (-2683)/(-1341)).
3, 5, 149
Suppose 3*n = -n - 4*u + 1432, 5*u + 1082 = 3*n. What are the prime factors of n + (-1 - 0) + 6?
2, 7, 13
Let l = -58 + 83. Suppose -20 = 3*g + l. What are the prime factors of ((-270)/(-25))/(2*(-3)/g)?
3
Suppose -2*h + 12 = -4*a - 6*h, -h + 3 = -5*a. Let u = -80 - 16. What are the prime factors of (3 - u/(-4))/a?
3, 7
Suppose 4*z = -2*a + 4*a - 192, 3*a + 2*z - 264 = 0. Suppose 222 = 6*f - a. Suppose 1057 = -45*x + f*x. List the prime factors of x.
151
Let g be (4 - -3)*(-8)/(-14). Suppose -j - 316 = d, -2*j - g*d = -0*j + 628. Let h = 559 + j. What are the prime factors of h?
241
Suppose k + 2*k = 3*f, -8 = 2*k. Let v(c) = 29*c**2 + c - 4. List the prime factors of v(f).
2, 3, 19
Suppose 3*q - 3*y - 110 = 2*q, -3*y = -12. Suppose s + 3 = 5, s - q = -3*l. What are the prime factors of (25/(-4))/((-10)/l)?
5
Suppose 0 = 2*i + 11*q - 15*q - 98, 0 = -i - q + 40. Suppose 0 = i*x - 45*x + 1900. What are the prime factors of x?
2, 5, 19
Suppose -2*h = -10, -b + 5*h = 4*h - 777. What are the prime factors of b?
2, 17, 23
Suppose 349*q = 324*q + 185900. What are the prime factors of q?
2, 11, 13
Let l(s) be the second derivative of -s**4/12 + 16*s**3/3 - 9*s**2 + s. Let a be l(21). Let g = a + -120. What are the prime factors of g?
3, 31
Let i(z) = 3*z + 7. Let j(v) = v - 1. Let k(d) = -2*i(d) + 4*j(d). Let t be k(-10). Suppose -3*m + 12 = 3, -t*m = -3*l + 228. What are the prime factors of l?
2, 3, 13
What are the prime factors of 7/(-56)*2 + (-24232)/(-32)?
757
Let k = 211 - 450. Let m = k - -390. Let n = -9 + m. List the prime factors of n.
2, 71
Let p(b) = -28*b + 16. Let x(h) = -h. Let v(k) = -p(k) - 3*x(k). List the prime factors of v(15).
449
Suppose 2*a = -82 - 14. List the prime factors of (a/(-6))/(4/130).
2, 5, 13
List the prime factors of 7054 - 360/(-18) - 20/2.
2, 883
List the prime factors of 105/84 - 328757/(-44).
3, 47, 53
List the prime factors of (-5*(8207 + 2))/(-61 + 60).
5, 8209
Let p(y) = 31*y**2 - 23*y - 959. What are the prime factors of p(-43)?
57349
Suppose -3*c + 2 = -1, w + 2*c - 378 = 0. Suppose 380 + w = 3*y - 2*z, -4*z = -4*y + 1004. What are the prime factors of y?
2, 127
Let k be 16/152 - 22530/(-38). Let b = 1007 - k. List the prime factors of b.
2, 3, 23
Suppose 4*p + 131 = 3*b + 34, -3 = -b. Let c be 2 - ((-2)/(-1))/2. What are the prime factors of (-22)/p - (c - 74)?
2, 37
Suppose 3834048 = -56*t + 120*t. List the prime factors of t.
3, 19, 1051
List the prime factors of ((-157662 + -8)/(-10))/1.
15767
Let d(q) = -q**2 - 12*q - 15. Let z be d(-2). Suppose 4*i - z*i = -41. What are the prime factors of i?
41
Let p = -879 + 1651. Suppose 3*u - 777 = -3*a, -8*a + 5*a + 2*u + p = 0. List the prime factors of a.
2, 3, 43
Let b = 1818 + -1057. Suppose 4*v = 4*o - 1700, 0 = -3*o - 4*v + b + 479. What are the prime factors of o?
2, 3, 5, 7
Let h(x) = -x**2 - 5*x - 12. Let s be h(-5). Let a = s - -18. Suppose 2*g - a*g + 372 = 0. List the prime factors of g.
3, 31
Let n(a) = -a**2 - 72*a + 144. List the prime factors of n(-35).
1439
Suppose 9*c + 10 = 4*c + 5*v, -3*c + 22 = 4*v. Suppose -c*m - 475 = -7*m. Suppose 12 = k - m. List the prime factors of k.
107
Let f = -59 - -105. Suppose -2 = -f*l + 45*l. Suppose l*z = 5*z - 372. List the prime factors of z.
2, 31
Suppose 15354 = k + z, -k + 7257 + 8181 = -11*z. List the prime factors of k.
15361
Let o = -22387 - -36266. List the prime factors of o.
13879
Let v be (-1)/(-2) - 11032/(-112). Suppose 46368 = v*x - 67*x. What are the prime factors of x?
3, 7, 23
Let j be (-6 - 120/(-18))*6. Suppose -q = -4*q + j*w + 920, 3*q - 929 = -5*w. What are the prime factors of q?
2, 7, 11
Suppose 0 = -3*r - 3*p + 102561, -79*r + 6*p - 34227 = -80*r. List the prime factors of r.
3, 11393
Suppose 0 = -3*q - 3*a + 60171, -178*q + 2*a = -175*q - 60201. What are the prime factors of q?
20063
Let g = -266 + 269. Suppose -2*d = 3*s - d - 853, 4*s = g*d + 1120. What are the prime factors of s?
283
Suppose 189247*q - 193992 = 189235*q. List the prime factors of q.
2, 59, 137
Let k(i) = 195*i**2 + 73*i - 268. List the prime factors of k(17).
2, 3583
Let l(a) = 2331*a - 814. What are the prime factors of l(5)?
37, 293
Let o = 21669 + -9375. What are the prime factors of o?
2, 3, 683
Let x = 1381 - -3314. What are the prime factors of x?
3, 5, 313
Suppose 0 = -81*m + 84*m + 330. Let z = -52 - m. List the prime factors of z.
2, 29
Suppose -258 = 5*g - 283. Suppose y + 1095 = g*n - 845, 4*y = -2*n + 776. List the prime factors of n.
2, 97
Let z = 3526 + 5250. List the prime factors of z.
2, 1097
Suppose 0 = -5*u + 26 - 21. Suppose -4*m + 15 = -u, -5*m = 3*g + 673. Let n = -126 - g. List the prime factors of n.
3, 5, 7
Let x = 1306 + -698. Let m = x + -545. What are the prime factors of m?
3, 7
Let t(r) = 5*r**3 + 15*r**2 - r + 5. Let n be t(-3). List the prime factors of (-10 + -138)*((-3)/(-1) - n).
2, 5, 37
Suppose -w = d + 3*w - 28, 5*w - 17 = d. Suppose -2920 = d*g - 13*g. What are the prime factors of g?
2, 73
Suppose 178*c = 355*c - 184*c + 240499. What are the prime factors of c?
17, 43, 47
Suppose 12*k - 15*k = -15, -4*m + k = -28923. What are the prime factors of m?
2, 113
Let i(f) be the first derivative of -f**2 - 28*f + 12. Let b be i(0). Let r = 108 - b. What are the prime factors of r?
2, 17
Suppose -9*r + 19833 = 3858. List the prime factors of r.
5, 71
Suppose 67829 = -22*x + 180095. What are the prime factors of x?
3, 7
Let z = 353 - 339. Let t(v) = v. Let u(p) = -p - 26. Let m(c) = 5*t(c) + u(c). List the prime factors of m(z).
2, 3, 5
Suppose -74*v + 27*v + 340468 = 0. List the prime factors of v.
2, 1811
Suppose 3*y - 76661 = -5*h, -3*y - 19756 = -3*h - 96361. What are the prime factors of y?
2, 3, 11, 43
Suppose 9 = 3*w - 3. List the prime factors of 12/w*(-3188)/(-12).
797
Let s be (380/30)/((-2)/(-9)). Let x = s - 53. What are the prime factors of 1 - 3/x - 1194/(-24)?
2, 5
Let x be 9/(-6)*(-10)/(-15)*-5. Suppose -3*q = 2*f - 92, 0 = -3*f - x*q + 22 + 114. List the prime factors of f.
2, 13
Suppose -6*d + 16 = 4. Suppose 0 = -d*j - q + 10, 5*q - 3 - 3 = j. Suppose -4*b - 304 = -j*l, 5*l - 420 = 6*b - 9*b. What are the prime factors of l?
3
Let w be (45/525*329)/((-2)/(-20)*2). Suppose 0 = 4*s - 1044 - 188. Let a = s - w. What are the prime factors of a?
167
Let c(m) = m**2 - 3*m - 9. Let l be c(-3). Suppose 4*z = l + 15. Suppose -z*s = -8*s + 106. What are the prime factors of s?
53
Let n be (-2)/(-13) - 1246/(-13). Suppose 0*l - 2*l = -n. Let r = -44 + l. What are the prime factors of r?
2
Let x = 33 - -7. Suppose -2*o - 92 = 4*h, -o = h + x + 1. Let r = o + 178. List the prime factors of r.
2, 71
Let z be 2 - 1 - (-30 - (-12)/4). Suppose -z = -4*f + 5*m + 12, 3*f - 5*m = 35. List the prime factors of 106 + 25/f - 0/2.
3, 37
Suppose -6 = -3*b, 3*b - 18557 = -3*w + 5*b. What are the prime factors of w?
23, 269
Let o = -2039 + 3006. List the prime factors of o.
967
Let d(q) = q**3 + 17*q**2 + 17*q + 31. Suppose -94 = 12*z + 74. List the prime factors of d(z).
3, 127
Let v be -4 - 0 - (38 - (11 + 1)). List the prime factors of 4 + 2/3 + (-8650)/v.
293
Let v(d) = -5743*d**3 + 22 + 5744*d**3 - 4*d - 4*d**2 + 0*d - d**2. List the prime factors of v(6).
2, 17
Let g = 269 - 266. Suppose 4982 = 7*r - g*r 